 + 9) composite?
True
Let l(h) = -2*h**2 - 38*h - 35. Let o(r) = -3*r**2 - 2*r + 6. Let y be o(-3). Is l(y) a composite number?
True
Suppose -3*t = -5*t - 4*x + 752826, -1882079 = -5*t - 3*x. Is t a prime number?
True
Let s = -316248 + 627347. Is s prime?
True
Let n = -5653 + 23714. Is n + (-11)/((-44)/(-32)) composite?
True
Let a(h) = -1283*h**2 - 16*h + 37. Let q(b) = 427*b**2 + 5*b - 13. Let i(j) = 2*a(j) + 7*q(j). Is i(3) composite?
True
Suppose 1788 = 2*d + 5*x, 0 = 35*x - 34*x - 2. Let y = 3027 - d. Is y a composite number?
True
Let a(k) = 87*k**2 + 33*k + 47. Let f(t) = 43*t**2 + 16*t + 24. Let u(o) = -3*a(o) + 7*f(o). Is u(-8) prime?
False
Let c(u) = -u**2 + 12*u + 33. Let f be c(14). Suppose 5*d + 4 + 8 = 2*n, -f*n = -3*d + 8. Is (156/(-9))/n*(-1 + 10) a composite number?
True
Let y(s) = 63*s - 114. Let p = -23 + 54. Is y(p) a composite number?
True
Let b(s) = 2480*s**2 + 6*s - 315. Is b(8) a composite number?
True
Let n be ((-18)/(-21))/((55/70)/(-11)). Is n*(-1266)/8 - -2 prime?
True
Let h = -1994 - 4267. Suppose 0*t + 165743 - 15667 = -17*t. Let o = h - t. Is o prime?
False
Suppose -4*s + 12 = -4*a + 4, 50 = 5*s + 5*a. Let n be (4 - s) + 7*1. Suppose h = 5*r + 512, 2*h - 5*h - n*r = -1556. Is h composite?
True
Is 4 - 2 - (-4)/((-52)/(-714441)) a prime number?
True
Suppose 8*l + 53*l + 59*l = 67710120. Is l composite?
False
Let j(n) = 830*n**2 - 108*n + 3. Is j(-8) a composite number?
False
Let o(c) = -c**3 + 55*c**2 - 37*c - 74. Is o(47) a prime number?
True
Suppose 2754519 = 4*b + d, b - 414917 = 5*d + 273739. Is b composite?
False
Suppose 0 = 2*d - 3*h - 1708910, 3*d - 3*h - 3367834 + 804475 = 0. Is d a prime number?
False
Suppose o = -3*o + d - 93244, 5*d - 23330 = o. Let k = -13177 - o. Is k composite?
False
Let u = 851 + 787. Is (6 - 5 - 0) + u prime?
False
Suppose -16 = -3*m + 5*j, 5*m + 4*j = -14 - 21. Is 34980/24 - (2 - m/(-2)) a prime number?
False
Let j(y) = -537*y - 66. Let g be j(-9). Let x = 5334 - 8602. Let z = x + g. Is z composite?
False
Let d(c) = c**2 - c - 6. Suppose -i = -3 - 0. Suppose o - i*o = 3*s - 5, o - s - 5 = 0. Is d(o) prime?
False
Let h be 2*-3*(-35)/42. Let p(g) = 232*g**2 - g - 16. Is p(h) prime?
True
Suppose 441*c = 448*c - 220717. Is c a composite number?
False
Suppose 20*o - 68 = 3*o. Suppose o*z - 5*b = 3619, 5*b = 3*z - 8*z + 4490. Is z prime?
False
Let r(z) = -3*z - 44. Let u be r(-25). Suppose -778 = -u*h + 4089. Is h composite?
False
Suppose -5*n + 2948 = 4*a, 3*n = 4*a + 1536 + 220. Suppose -6*h = -9*h - n. Let u = 673 - h. Is u a composite number?
True
Suppose 0 = 2*z + 3 - 5. Let i be (0/(-2))/1*-1*z. Is 806/((0 - i) + 2) prime?
False
Let b(k) = 9*k + 15. Let a be b(-2). Let h be (a + 5)*(-18)/(-12). Is h + -2 + (-2070)/(-5) composite?
True
Let y be (-5 + -25)/6 + 11193. Suppose 10*a - 7*a = n - y, 2*a - 11203 = -n. Is n composite?
False
Suppose -3*g - 100 = 770. Let f = -13 + g. Let j = 514 + f. Is j composite?
False
Let s = 34 - 38. Let r(j) = j**3 + 4*j**2 - j - 8. Let p be r(s). Let n(l) = 114*l**2 - 7*l - 5. Is n(p) composite?
False
Let m = 5 + -9. Suppose 49 = w + 50. Is 439 - 0*w/m composite?
False
Let i(v) = -25766*v + 24. Suppose 30 = 80*h - 85*h. Let c be i(h). Is c/40 + 2/(-4) composite?
True
Suppose -2*a - 4 = c - 0*c, -2*c + 2*a = -4. Suppose c = 4*i + v - 12594, -i - v = -2901 - 246. Is i a composite number?
True
Let m = -3136 - -2092. Let f = m + 2681. Is f composite?
False
Let h be (18 - -67) + (-2)/(-2). Let f = -86 + h. Suppose -s - 4*s + 955 = f. Is s a composite number?
False
Suppose -2*m + 60 = -5*g - 6*m, m = 3*g + 36. Suppose 8 = -3*a + 26. Is 8884/a*(-18)/g prime?
True
Let u = -63 + 66. Let l(i) = -53*i**2 + 3*i - 3. Let h(w) = -18*w**2 + w - 1. Let c(j) = 17*h(j) - 6*l(j). Is c(u) a prime number?
False
Suppose -2*k + 3046 = -5*w + 11821, 2*k = -w + 1743. Is w a prime number?
True
Let b = -72536 + 121047. Is b composite?
True
Suppose 34*k - 30*k = -3*f + 65792, -87671 = -4*f + 5*k. Suppose 0 = -5*a + 32941 + f. Is a a prime number?
True
Let k = 62 + -66. Let a(j) = -j**2 - j + 16. Let i be a(k). Suppose 10011 = -0*h + 5*h + i*d, -2*h = -2*d - 4008. Is h prime?
True
Let o(l) be the second derivative of 13*l**6/120 - l**5/20 + 13*l**4/24 - 14*l**3/3 + 12*l. Let r(y) be the second derivative of o(y). Is r(6) prime?
True
Suppose -2*q - 2*n + 853678 = 0, 5*q - 124*n + 127*n - 2134199 = 0. Is q a prime number?
True
Is ((-5)/2)/(485/(-10486282)) composite?
True
Let q(u) = u**2 + 15. Let g be q(-10). Suppose f - 659 = -2*n, -f + g + 554 = 4*n. Is f a prime number?
False
Suppose 4*u = -p + 31631, p = -2*u + 10423 + 5392. Suppose -20*t = -14*t - u. Is t prime?
False
Suppose 2*h + 84 = 5*o, -o + 38 = -3*h - 88. Let f be (h/(-24) + -1)*8/3. Suppose -3*d - 3*w = -1368, -3*d - 4*w + 1363 = -f*w. Is d a composite number?
True
Suppose -3*y + 85 = 46. Suppose -y*l + 27*l - 20356 = 0. Is l a prime number?
False
Let u(c) = -c**2 + 1. Let b(w) be the second derivative of -w**4/6 + 19*w**3/3 + 5*w**2/2 - 15*w. Let v(q) = -b(q) + 3*u(q). Is v(-18) prime?
False
Suppose 11*m + 3*m = 211750. Let q = 35818 - m. Is q composite?
False
Let g(j) = 42*j**2 - 33*j - 3. Let t = 91 + -97. Is g(t) a prime number?
False
Is ((-367522)/(-16))/(84/672) prime?
True
Let b(c) be the second derivative of -c**5/20 - 7*c**4/12 + 19*c**3/6 + 6*c**2 + 26*c. Let v be b(-9). Is v/5 - (-33306)/15 prime?
True
Let p(h) = -95331*h - 2056. Is p(-3) a composite number?
False
Let k(r) = 2988*r + 911. Is k(17) a composite number?
True
Suppose -2*u + 4*j = -0*j + 2, 4*u + 2*j + 24 = 0. Is (-2)/4*2161*(3 + u) prime?
True
Suppose 136 = 8*r + 16. Let f(g) = 8*g**3 + 6*g**2 - 46*g + 17. Is f(r) prime?
False
Let l = -32 - -32. Suppose 2*p + 4*b + 1628 = l, 9 = -b + 4*b. Is p/(-25)*15/6 a prime number?
False
Let u = -2633 - -4691. Let w = u - 242. Suppose a + 2*i - 3*i = 444, -4*a = 4*i - w. Is a a composite number?
False
Let g = 111397 + -46988. Is g composite?
True
Suppose 2*c - 3*u - 22 = 0, -11 = -c + 4*u + 10. Suppose 14382 = c*g + s - 33765, 4*g - 5*s - 38506 = 0. Is g a prime number?
True
Suppose 410 = 122*z - 40*z. Let m(d) = 10 + 345*d - 33 + 449*d. Is m(z) composite?
False
Suppose 0 = 4*w - 1391 - 9733. Suppose 2*g + 0*g - w = -k, 5*g = k - 2767. Is k prime?
True
Suppose 8*o = c + 5*o - 149, 9 = 3*o. Suppose -c*d = -152*d - 40998. Is d a composite number?
False
Suppose 0 = -2*l - n + 11 + 8, -3*n = 3. Let k be ((-33770)/(-3))/(l - 8)*3. Suppose -15*b - k = -20*b. Is b a prime number?
False
Suppose 6*v - 124272 = -3966. Suppose 5*s = 4*p - 2*p + v, -5*s + 5*p + 20060 = 0. Suppose -4*t + 10019 = 5*z, -s = -2*z - 0*t - 3*t. Is z a prime number?
True
Let x(u) = 5*u**2 + 6*u - 8. Let p be x(1). Is (0 + p)/((-174)/(-1798)) a prime number?
True
Let b(r) = -22*r - 44. Let k be b(-18). Let m = -177 - k. Let w = 480 - m. Is w a composite number?
False
Let g(r) = 7. Let c(o) = -o + 13. Let p(f) = 4*c(f) - 9*g(f). Let a be p(-3). Is (-63860)/(-40) + a/(-2) + 1 a composite number?
False
Suppose -5079139 = 131*r - 144*r. Is r a composite number?
False
Is ((-79698)/3)/(-2) - (25 - 33) prime?
True
Let l(p) = -421*p**2 + 9*p - 9. Let o(a) be the third derivative of 631*a**5/30 - 13*a**4/12 + 13*a**3/3 + 2*a**2. Let d(h) = 17*l(h) + 6*o(h). Is d(2) prime?
True
Suppose -w - 4*u + 233155 = 61614, -6 = -u. Is w a prime number?
True
Let g = 108 + -105. Suppose g*n + 5*l - 76 = 0, 0 = 4*n - 0*n + 4*l - 96. Is n a composite number?
True
Let d(s) = -2*s**2 - 14*s + 4. Let t be d(-6). Suppose -t*b = -9*b - 3955. Is b a prime number?
False
Let k = -698 + 693. Is (2/(-4))/(4/7480*k) composite?
True
Let k(p) = -1109*p**3 + 3*p**2 + 11*p + 5. Let s(i) = 554*i**3 - i**2 - 5*i - 2. Let h(m) = 3*k(m) + 7*s(m). Let y be h(1). Suppose a = y - 205. Is a composite?
False
Let j be (-1)/1*4 + 1. Is (0/j + 1)/(2/4652) a prime number?
False
Let c(a) = 522*a + 3367. Is c(15) a composite number?
False
Suppose 4*s = -24, -2*x + 528529 = 3*x - 4*s. Is x composite?
False
Suppose -28 = -5*t + 37. Suppose -14781 = -t*j + 52390. Is j composite?
False
Let r(z) = -2*z + 15. Let s be r(13). Let v(a) = -a**3 - 11*a**2 - 23*a - 42. Is v(s) a prime number?
True
Let i be (-1054 + 7 + -3)/1. Let z = 5773 - i. Is z composite?
False
Suppose -3*v = 477036 - 1838001. Is v a